{"id":69,"date":"2024-12-05T21:43:57","date_gmt":"2024-12-05T21:43:57","guid":{"rendered":"https:\/\/www.varager.dk\/?page_id=69"},"modified":"2024-12-05T21:43:57","modified_gmt":"2024-12-05T21:43:57","slug":"certifikater","status":"publish","type":"page","link":"https:\/\/www.varager.dk\/?page_id=69","title":{"rendered":"Certifikater"},"content":{"rendered":"\n<ul class=\"wp-block-list\"><\/ul>\n\n\n\n<div class=\"wp-block-media-text is-stacked-on-mobile\"><figure class=\"wp-block-media-text__media\"><img loading=\"lazy\" decoding=\"async\" width=\"724\" height=\"1024\" src=\"https:\/\/www.varager.dk\/wp-content\/uploads\/2024\/12\/GDPR-KURSUS-2021-724x1024.png\" alt=\"\" class=\"wp-image-71 size-full\" srcset=\"https:\/\/www.varager.dk\/wp-content\/uploads\/2024\/12\/GDPR-KURSUS-2021-724x1024.png 724w, https:\/\/www.varager.dk\/wp-content\/uploads\/2024\/12\/GDPR-KURSUS-2021-212x300.png 212w, https:\/\/www.varager.dk\/wp-content\/uploads\/2024\/12\/GDPR-KURSUS-2021-768x1086.png 768w, https:\/\/www.varager.dk\/wp-content\/uploads\/2024\/12\/GDPR-KURSUS-2021.png 856w\" sizes=\"auto, (max-width: 724px) 100vw, 724px\" \/><\/figure><div class=\"wp-block-media-text__content\">\n<p>GDPR &#8211; Kursus<\/p>\n<\/div><\/div>\n\n\n\n<div class=\"wp-block-media-text is-stacked-on-mobile\"><figure class=\"wp-block-media-text__media\"><img loading=\"lazy\" decoding=\"async\" width=\"1024\" height=\"746\" src=\"https:\/\/www.varager.dk\/wp-content\/uploads\/2024\/12\/IMG_0336-1024x746.jpg\" alt=\"\" class=\"wp-image-73 size-full\" srcset=\"https:\/\/www.varager.dk\/wp-content\/uploads\/2024\/12\/IMG_0336-1024x746.jpg 1024w, https:\/\/www.varager.dk\/wp-content\/uploads\/2024\/12\/IMG_0336-300x219.jpg 300w, https:\/\/www.varager.dk\/wp-content\/uploads\/2024\/12\/IMG_0336-768x560.jpg 768w, https:\/\/www.varager.dk\/wp-content\/uploads\/2024\/12\/IMG_0336.jpg 1147w\" sizes=\"auto, (max-width: 1024px) 100vw, 1024px\" \/><\/figure><div class=\"wp-block-media-text__content\">\n<p>Personlig Tr\u00e6ner Uddannelse<\/p>\n<\/div><\/div>\n\n\n\n<div class=\"wp-block-media-text is-stacked-on-mobile\"><figure class=\"wp-block-media-text__media\"><img loading=\"lazy\" decoding=\"async\" width=\"1024\" height=\"722\" src=\"https:\/\/www.varager.dk\/wp-content\/uploads\/2024\/12\/Billede-20.10.2023-kl.-19.52-1024x722.jpg\" alt=\"\" class=\"wp-image-74 size-full\" srcset=\"https:\/\/www.varager.dk\/wp-content\/uploads\/2024\/12\/Billede-20.10.2023-kl.-19.52-1024x722.jpg 1024w, https:\/\/www.varager.dk\/wp-content\/uploads\/2024\/12\/Billede-20.10.2023-kl.-19.52-300x211.jpg 300w, https:\/\/www.varager.dk\/wp-content\/uploads\/2024\/12\/Billede-20.10.2023-kl.-19.52-768x541.jpg 768w, https:\/\/www.varager.dk\/wp-content\/uploads\/2024\/12\/Billede-20.10.2023-kl.-19.52-1536x1083.jpg 1536w, https:\/\/www.varager.dk\/wp-content\/uploads\/2024\/12\/Billede-20.10.2023-kl.-19.52.jpg 1688w\" sizes=\"auto, (max-width: 1024px) 100vw, 1024px\" \/><\/figure><div class=\"wp-block-media-text__content\">\n<p>Udend\u00f8rstr\u00e6ner Uddannelse<\/p>\n<\/div><\/div>\n\n\n\n<p><\/p>\n","protected":false},"excerpt":{"rendered":"<p>GDPR &#8211; Kursus Personlig Tr\u00e6ner Uddannelse Udend\u00f8rstr\u00e6ner Uddannelse<\/p>\n","protected":false},"author":1,"featured_media":0,"parent":0,"menu_order":0,"comment_status":"closed","ping_status":"closed","template":"","meta":{"footnotes":""},"class_list":["post-69","page","type-page","status-publish","hentry"],"_links":{"self":[{"href":"https:\/\/www.varager.dk\/index.php?rest_route=\/wp\/v2\/pages\/69","targetHints":{"allow":["GET"]}}],"collection":[{"href":"https:\/\/www.varager.dk\/index.php?rest_route=\/wp\/v2\/pages"}],"about":[{"href":"https:\/\/www.varager.dk\/index.php?rest_route=\/wp\/v2\/types\/page"}],"author":[{"embeddable":true,"href":"https:\/\/www.varager.dk\/index.php?rest_route=\/wp\/v2\/users\/1"}],"replies":[{"embeddable":true,"href":"https:\/\/www.varager.dk\/index.php?rest_route=%2Fwp%2Fv2%2Fcomments&post=69"}],"version-history":[{"count":2,"href":"https:\/\/www.varager.dk\/index.php?rest_route=\/wp\/v2\/pages\/69\/revisions"}],"predecessor-version":[{"id":76,"href":"https:\/\/www.varager.dk\/index.php?rest_route=\/wp\/v2\/pages\/69\/revisions\/76"}],"wp:attachment":[{"href":"https:\/\/www.varager.dk\/index.php?rest_route=%2Fwp%2Fv2%2Fmedia&parent=69"}],"curies":[{"name":"wp","href":"https:\/\/api.w.org\/{rel}","templated":true}]}}